ultiple of 53?
True
Is 1620 a multiple of 35?
False
Does 15 divide 469?
False
Does 29 divide 384?
False
Is 138 a factor of 5730?
False
Does 9 divide 816?
False
Is 15208 a multiple of 119?
False
Does 57 divide 612?
False
Is 339 a multiple of 15?
False
Is 6633 a multiple of 33?
True
Is 37 a factor of 13684?
False
Is 7896 a multiple of 7?
True
Does 12 divide 5518?
False
Is 576 a multiple of 32?
True
Does 5 divide 7850?
True
Does 17 divide 3791?
True
Is 106 a factor of 12296?
True
Is 186 a factor of 13950?
True
Is 334 a factor of 51731?
False
Is 2610 a multiple of 58?
True
Is 54 a factor of 4888?
False
Is 3393 a multiple of 57?
False
Does 17 divide 527?
True
Is 6 a factor of 366?
True
Is 5280 a multiple of 110?
True
Is 46 a factor of 1871?
False
Is 16 a factor of 15344?
True
Is 17 a factor of 793?
False
Does 43 divide 3339?
False
Does 81 divide 2349?
True
Is 5470 a multiple of 143?
False
Is 99 a factor of 6434?
False
Is 76429 a multiple of 23?
True
Is 17 a factor of 1938?
True
Is 12 a factor of 85548?
True
Is 4771 a multiple of 24?
False
Is 149 a factor of 4619?
True
Is 169 a factor of 43789?
False
Does 37 divide 629?
True
Does 6 divide 474?
True
Does 49 divide 49?
True
Does 2 divide 9648?
True
Is 29 a factor of 4350?
True
Does 78 divide 38690?
False
Does 22 divide 1342?
True
Does 10 divide 9890?
True
Is 912 a multiple of 19?
True
Does 12 divide 1791?
False
Does 14 divide 742?
True
Does 79 divide 3769?
False
Is 14620 a multiple of 7?
False
Is 83 a factor of 86806?
False
Is 11 a factor of 788?
False
Is 738 a multiple of 5?
False
Does 19 divide 9709?
True
Is 6 a factor of 7334?
False
Does 49 divide 22638?
True
Is 26858 a multiple of 26?
True
Is 5 a factor of 693?
False
Is 17 a factor of 1230?
False
Is 398 a multiple of 14?
False
Does 144 divide 105970?
False
Does 90 divide 11062?
False
Is 8 a factor of 91?
False
Does 106 divide 17384?
True
Is 12 a factor of 290?
False
Is 18360 a multiple of 72?
True
Is 5 a factor of 2139?
False
Is 30 a factor of 30?
True
Is 92235 a multiple of 13?
True
Is 96 a factor of 43610?
False
Is 68 a factor of 1812?
False
Is 3 a factor of 2634?
True
Is 25 a factor of 975?
True
Is 247 a factor of 13362?
False
Is 1119 a multiple of 13?
False
Is 44 a factor of 4884?
True
Is 76 a factor of 94392?
True
Is 11 a factor of 71027?
True
Does 27 divide 3483?
True
Is 7 a factor of 435?
False
Does 16 divide 1199?
False
Is 9 a factor of 936?
True
Does 66 divide 44682?
True
Does 7 divide 182?
True
Does 8 divide 18064?
True
Is 6 a factor of 440?
False
Does 335 divide 58960?
True
Is 25146 a multiple of 11?
True
Does 7 divide 499?
False
Is 17 a factor of 2635?
True
Is 77504 a multiple of 112?
True
Is 5 a factor of 97?
False
Does 3 divide 1749?
True
Is 7 a factor of 3017?
True
Does 26 divide 2574?
True
Is 33 a factor of 3828?
True
Is 36 a factor of 21731?
False
Is 148 a factor of 15096?
True
Is 37 a factor of 3515?
True
Is 1015 a multiple of 29?
True
Is 7 a factor of 43015?
True
Does 7 divide 14233?
False
Does 201 divide 28140?
True
Does 146 divide 38252?
True
Does 66 divide 1191?
False
Is 23993 a multiple of 11?
False
Is 11664 a multiple of 9?
True
Does 61 divide 4529?
False
Does 38 divide 77?
False
Does 51 divide 1479?
True
Does 2 divide 5085?
False
Does 13 divide 1320?
False
Is 1215 a multiple of 20?
False
Is 784 a multiple of 15?
False
Is 1141 a multiple of 27?
False
Does 22 divide 332?
False
Is 27660 a multiple of 20?
True
Does 14 divide 2201?
False
Is 11 a factor of 968?
True
Does 108 divide 15380?
False
Does 37 divide 1218?
False
Does 82 divide 12136?
True
Is 69 a factor of 3662?
False
Is 191 a factor of 17517?
False
Is 31 a factor of 45589?
False
Is 2 a factor of 728?
True
Is 308 a multiple of 7?
True
Is 34947 a multiple of 12?
False
Is 69300 a multiple of 25?
True
Is 4171 a multiple of 43?
True
Is 16 a factor of 126?
False
Is 3 a factor of 32?
False
Is 85 a factor of 2124?
False
Is 1303 a multiple of 5?
False
Does 20 divide 5221?
False
Is 27 a factor of 12744?
True
Does 14 divide 3299?
False
Is 36 a factor of 128438?
False
Does 9 divide 12154?
False
Is 308 a multiple of 4?
True
Does 18 divide 10128?
False
Is 470 a multiple of 10?
True
Does 17 divide 89?
False
Is 44 a factor of 11860?
False
Does 4 divide 94?
False
Does 9 divide 1680?
False
Is 47150 a multiple of 15?
False
Does 13 divide 104?
True
Is 68 a factor of 2005?
False
Is 59 a multiple of 27?
False
Is 1134 a multiple of 14?
True
Is 140 a multiple of 10?
True
Does 10 divide 22323?
False
Is 5023 a multiple of 27?
False
Is 4429 a multiple of 10?
False
Is 31 a factor of 217?
True
Is 30128 a multiple of 112?
True
Is 374 a multiple of 11?
True
Is 86 a multiple of 2?
True
Is 11451 a multiple of 55?
False
Is 640 a multiple of 6?
False
Is 15 a factor of 1437?
False
Is 6 a factor of 1665?
False
Is 249 a factor of 49406?
False
Is 8 a factor of 3211?
False
Is 37 a factor of 1480?
True
Is 3987 a multiple of 7?
False
Is 76 a factor of 1900?
True
Is 19746 a multiple of 104?
False
Does 57 divide 4617?
True
Does 36 divide 2412?
True
Does 8 divide 101?
False
Is 15 a factor of 472?
False
Is 1794 a multiple of 39?
True
Is 98 a factor of 37927?
False
Does 93 divide 3494?
False
Is 726 a multiple of 35?
False
Does 21 divide 3990?
True
Is 5 a factor of 8101?
False
Is 440 a multiple of 8?
True
Does 124 divide 14688?
False
Is 56 a factor of 1694?
False
Is 3 a factor of 234?
True
Is 18 a factor of 1674?
True
Is 165 a multiple of 5?
True
Is 5810 a multiple of 11?
False
Is 17 a factor of 1173?
True
Is 11 a factor of 13996?
False
Does 55 divide 95765?
False
Does 20 divide 5736?
False
Is 19 a factor of 1393?
False
Does 17 divide 965?
False
Does 25 divide 4653?
False
Does 27 divide 31945?
False
Is 1868 a multiple of 6?
False
Does 77 divide 8437?
False
Is 50 a factor of 1858?
False
Is 189 a multiple of 9?
True
Does 20 divide 789?
False
Is 879 a multiple of 44?
False
Does 23 divide 5451?
True
Does 72 divide 4357?
False
Is 178 a factor of 129050?
True
Does 40 divide 37760?
True
Is 384 a multiple of 51?
False
Does 174 divide 50808?
True
Does 4 divide 33072?
True
Does 25 divide 1875?
True
Is 60 a factor of 163?
False
Is 97 a multiple of 27?
False
Does 116 divide 340?
False
Is 9 a factor of 2420?
False
Is 31482 a multiple of 53?
True
Does 19 divide 1425?
True
Does 41 divide 1886?
True
Is 488 a multiple of 14?
False
Is 500 a multiple of 25?
True
Is 23 a factor of 184?
True
Is 4 a factor of 156?
True
Does 11 divide 285?
False
Does 24 divide 5948?
False
Does 67 divide 1474?
True
Is 3 a factor of 93?
True
Does 107 divide 2445?
False
Is 167 a factor of 8478?
False
Is 61 a factor of 2074?
True
Does 8 divide 426?
False
Is 1791 a multiple of 70?
False
Is 37975 a multiple of 7?
True
Is 15 a factor of 7358?
False
Is 115 a factor of 4768?
False
Is 37 a factor of 2232?
False
Is 34 a factor of 2516?
True
Is 46 a factor of 5344?
False
Is 5512 a multiple of 8?
True
Does 20 divide 787?
False
Is 24 a multiple of 4?
True
Is 38 a factor of 11590?
True
Is 72 a factor of 873?
False
Does 8 divide 542?
False
Is 47 a factor of 25325?
False
Does 21 divide 18260?
False
Is 2580 a multiple of 18?
False
Does 6 divide 117?
False
Is 38 a factor of 1520?
True
Does 13 divide 2067?
True
Is 232 a multiple of 8?
True
Is 144 a multiple of 3?
True
Is 14960 a multiple of 44?
True
Is 9 a factor of 341?
False
Does 16 divide 32?
True
Is 39 a factor of 26196?
False
Is 3 a factor of 530?
False
Does 9 divide 180?
True
Does 16 divide 1776?
True
Does 19 divide 1045?
True
Does 11 divide 1133?
True
Is 563 a multiple of 18?
False
Is 24 a factor of 2856?
True
Does 46 divide 25987?
False
Does 7 divide 280?
True
Is 64 a factor of 1216?
True
Is 212 a multiple of 32?
False
Is 212 a factor of 34800?
False
Is 684 a multiple of 23?
False
Does 188 divide 16338?
False
Is 376 a multiple of 29?
False
Is 21033 a multiple of 123?
True
Is 8 a factor of 2116?
False
Is 4759 a multiple of 12?
False
Is 6 a factor of 266?
False
Is 11 a factor of 3465?
True
Is 223 a factor of 23147?
False
Is 22 a factor of 506?
True
Is 3971 a multiple of 32?
False
Does 108 divide 2997?
False
Is 8490 a multiple of 10?
True
Is 54 a factor of 9450?
True
Is 17832 a multiple of 8?
True
Does 4 divide 16421?
False
Is 2112 a multiple of 96?
True
Is 38547 a multiple of 48?
False
Does 10 divide 3350?
True
Do